rime factors of y.
2
Let z(f) = f**2 - 14*f - 1. What are the prime factors of z(15)?
2, 7
Let f = 585 - 374. What are the prime factors of f?
211
Let r be 1/(((-9)/129)/3). Let c = -10 - r. Suppose 2*b - c = -9. What are the prime factors of b?
2, 3
Let g = 41 - 70. Let k = -1 - g. List the prime factors of k.
2, 7
Let z(s) = -s**2 + 17*s + 6. List the prime factors of z(15).
2, 3
Let m be ((-11)/2)/((-7)/14). Let r(n) = 2*n - 3. List the prime factors of r(m).
19
List the prime factors of (-4)/6*-3 - -86.
2, 11
Let o(m) = m**2 - 5*m**2 - 6*m - 2*m**2 + 2*m**3 - m**3 - 3. What are the prime factors of o(7)?
2
Let y(p) = -p + 14. Let r be y(10). Suppose -3*k + 20 = r*d - 4*k, 28 = 3*d - 4*k. What are the prime factors of d?
2
Suppose -c + 43 + 52 = 0. List the prime factors of c.
5, 19
Let i(a) = 88*a. Let b(c) = c. Let j(l) = 132*b(l) - i(l). List the prime factors of j(1).
2, 11
Let z = -44 + 80. Let r = z + -22. What are the prime factors of r?
2, 7
Let c = -37 - -57. List the prime factors of c.
2, 5
What are the prime factors of 77 + -14 + 6/((-2)/1)?
2, 3, 5
Let c be 2*(0 + (-36)/(-8)). Let n = c - -7. What are the prime factors of n?
2
Let y(l) = l**3 + 4*l**2 + l + 3. Let j be y(-3). Suppose -3*b + 2*b + j = 0. What are the prime factors of b?
3
Let g be (-2 + 1 - 2)/1. Let m be (4/(-3))/(2/g). Suppose -m*t + 9 = -t. List the prime factors of t.
3
Suppose 0 = -5*h + 2*l + 126, -4*h - 4*l + 112 = -0*l. What are the prime factors of h?
2, 13
Let j(o) = 6*o**2 - 2*o + 1. Let r be j(1). Suppose -85 = 2*b + 3*b - r*z, -5*b + z = 65. Let a = 2 - b. List the prime factors of a.
2, 7
Suppose u - 5*z - 28 = 0, -2*u - 4*z + 84 = u. What are the prime factors of u?
2, 7
Let z = -84 + 177. What are the prime factors of z?
3, 31
Let b be 8/(-1) - (-6)/(-3). List the prime factors of (-184)/b + (-22)/55.
2, 3
Let m(x) = -87*x - 17. List the prime factors of m(-5).
2, 11, 19
Let w(x) = -3*x - 3. Let n(d) = -3*d - 4. Let j(l) = -3*n(l) + 2*w(l). What are the prime factors of j(5)?
3, 7
Suppose 4*r - 202 - 38 = 0. Suppose 4 = 4*t - 3*t, -4*c = 5*t - r. List the prime factors of c.
2, 5
Suppose -6*j = -j - 20. Suppose l - j = 4. What are the prime factors of l?
2
Let b(y) = 8*y**3 + 1. Let j be b(1). List the prime factors of ((-12)/(-10))/(j/30).
2
Let t = -8 - -12. Suppose 5*i - 60 = -5*w, t*w = w + 4*i + 22. Let b = w + 2. List the prime factors of b.
2, 3
Suppose -103 = 5*d - 23. Let w be (d/14 - -2)*7. List the prime factors of (w/(-4))/((-9)/84).
2, 7
Suppose 3*y = 0, v - 7*y + 2 = -3*y. List the prime factors of 2*v/(-8)*26.
13
List the prime factors of (-1 - 0)/(19/(-2451)).
3, 43
Let c = -4 + 25. Suppose -24 = 3*b - a - 71, -5*a = b - c. List the prime factors of b.
2
Let h(s) be the third derivative of s**4/6 + s**3/2 + 4*s**2. What are the prime factors of h(3)?
3, 5
Suppose 6*b = 2*b + 100. Suppose 0 = 5*t - b, 3*h + 34 = 4*h - t. What are the prime factors of h?
3, 13
Suppose 3*o + 2*m = 34, 0 = m - 1 + 5. What are the prime factors of o?
2, 7
Suppose 5*v + c = -30, v + 0*v - 4*c = -6. Let h be (-2)/((-3)/v - 1). Suppose 0*w = h*w - 60. List the prime factors of w.
3, 5
Let o be 2 + -3*2/3. Suppose 4 = -o*m + m. What are the prime factors of m?
2
Suppose -23 = 2*l - 163. Suppose -4*o = o - l. List the prime factors of o.
2, 7
List the prime factors of (-1707)/(-15) + 2/10.
2, 3, 19
Let f = -48 - -10. List the prime factors of f/(-5) - (-6)/15.
2
What are the prime factors of (-9)/(189/(-3498)) + 4/(-7)?
2, 83
Suppose 0 = 5*t - v - 110, t - 29 = -3*v - 7. What are the prime factors of t?
2, 11
Suppose 0 = -3*g - s + 207, 0*s = 5*g + 3*s - 349. List the prime factors of g.
2, 17
Suppose 2*c - 108 - 4 = -4*k, -k + 14 = 4*c. List the prime factors of k.
2, 3, 5
Suppose 3*y = x + 9, -2*x - 3*y + 4*y = 38. Let g = 76 + x. List the prime factors of g.
5, 11
Suppose -2*p - 31 = -3*p. Let k = p - 21. What are the prime factors of k?
2, 5
Let i be 63/15 - (-2)/(-10). Let u be i/(-6)*-6 + 0. Let y = 10 - u. What are the prime factors of y?
2, 3
Let n = 146 - -30. What are the prime factors of n?
2, 11
Let j(r) = r**3 - 6*r**2 - 6*r + 17. List the prime factors of j(7).
2, 3
Let h = 11 + -7. Suppose -h*w = -2*w. Suppose w = -4*q + 28. List the prime factors of q.
7
Let y(j) = 13*j**2 - 19*j - 1. Let f(m) = 3*m**2 - 5*m. Let x(q) = 9*f(q) - 2*y(q). Let h be x(7). Let n(i) = i**2. What are the prime factors of n(h)?
2
What are the prime factors of (2/4)/(6/48)?
2
List the prime factors of 3/(-9) - 25/(-3).
2
Let p(f) = -7*f**2 - 2*f + 1. Let y be p(1). Let z be (-4)/y - 1/(-2). Let w(x) = 5*x - 1. What are the prime factors of w(z)?
2
What are the prime factors of (123 - 2) + 9*(-1)/(-3)?
2, 31
Let n(v) = -3*v - 3. Let c = 0 + 5. Suppose c*x = -28 + 8. What are the prime factors of n(x)?
3
Let p be (9/(-6))/((-3)/4). Suppose -p*q - q = 0. Suppose 5*v = 35 - q. What are the prime factors of v?
7
Suppose -m - 2*d + 67 = -9, -m - 5*d = -64. List the prime factors of m.
2, 3, 7
Suppose -4*j + 0 = -12. What are the prime factors of j?
3
Suppose -5*b + 200 = -35. Suppose 0 = -5*y - 107 - 53. Let k = b + y. What are the prime factors of k?
3, 5
Suppose z - 5 = -2*t, 5*t - 4*z = -3*z - 5. Suppose w + t = 14. What are the prime factors of w?
2, 7
Let r(y) = -2*y**2 + 16*y - 4. What are the prime factors of r(7)?
2, 5
Suppose 97 - 697 = -6*b. List the prime factors of b.
2, 5
Let z(n) = -2*n - 8. Let q be ((-14)/(-8))/((-3)/12). Let g = -14 - q. List the prime factors of z(g).
2, 3
Let k = 127 + 48. What are the prime factors of k?
5, 7
Let h(o) = o**3 - o**2 + 2*o - 3. Let s be h(2). Suppose 20 = 2*k + 4*p, -p = s*k + p - 42. What are the prime factors of k?
2
What are the prime factors of (6/(-4))/(60/(-1760))?
2, 11
Let q(n) = -31*n - 60. List the prime factors of q(-6).
2, 3, 7
Suppose k + 6 + 1 = 0. Let h = k + 12. What are the prime factors of h?
5
Suppose -b - 19 = -5*n + b, -5*n + 28 = b. List the prime factors of n.
5
List the prime factors of (-22)/110 - 766/5*-1.
3, 17
Let k(h) be the second derivative of -h - 3*h**2 - 1/12*h**4 + 0 + 4/3*h**3. List the prime factors of k(5).
3
Suppose u = -2 + 10. Let q = u + -3. List the prime factors of q.
5
Suppose 8*x - 20 = 4*x. Suppose -4*k - x + 33 = 0. What are the prime factors of k?
7
Let t(y) = 2*y**2 - 15*y - 13. Let f(m) = -m**2 + 7*m + 6. Let z(p) = -7*f(p) - 3*t(p). List the prime factors of z(-3).
2, 3
Let o = 2 - 5. Let l be 1*o/(-1) - -2. Suppose d = 1 + l. What are the prime factors of d?
2, 3
Suppose -s + 10 = 4*s. List the prime factors of 128/(-24)*(-3)/s.
2
Let s = -8 + 22. List the prime factors of 7/s - 94/(-4).
2, 3
Let y(b) = -b**2 + 5*b - 4. Let d be y(3). Suppose -d*p = 3*p - 30. What are the prime factors of p?
2, 3
Let s(k) = k + 3*k + 3*k - 3*k - 5. What are the prime factors of s(6)?
19
Let w be (-3)/(-6)*(-6)/(-1). Let y(p) = -2*p + p - 2*p + 2*p**2. What are the prime factors of y(w)?
3
Suppose 7 - 3 = k. Suppose -k*l + 44 = -0*l. List the prime factors of l.
11
Suppose -5*k + 3*o + 497 = 0, -3*o = 3*k - 4*o - 299. What are the prime factors of k?
2, 5
Suppose 2*y = -4*x + 114, 0 = 2*x - 3*x + y + 21. Let p = x - 12. List the prime factors of p.
2, 7
Suppose 0 = -3*o - 48 + 6. Let l be -1 + 1 + 0 + -1. Let a = l - o. What are the prime factors of a?
13
Suppose -4*s - 380 = -5*u, 5*s + 5*u - 248 = -678. Let f be ((-2)/(-5))/((-2)/s). List the prime factors of -2 + f*(-3)/(-6).
7
Let h(u) = u**2 + 8*u - 2. What are the prime factors of h(-9)?
7
Let f(p) = p**3 - 4*p**2 - 10*p - 3. What are the prime factors of f(7)?
2, 37
Suppose 4*f + 90 = 6*f. What are the prime factors of f?
3, 5
Let y be 1*(2 + -1)*6. Suppose 2*x - y = -x. Suppose -2*r + 3*f = x*f - 19, 2*r = 4*f + 28. List the prime factors of r.
2
Let r be 1*(9 + (-2 - -3)). Suppose -r*l + 5*l = -5*g + 95, 4*l - 20 = 0. What are the prime factors of g?
2, 3
Let p(t) = -2*t**3 - t**2 + 1. Let l(b) = b**3 - 5*b**2 + b - 7. Let z be l(5). List the prime factors of p(z).
13
Let h = -4 + 8. Let a be (0 + 2)/(h/10). What are the prime factors of 22/((-5)/(a/(-2)))?
11
What are the prime factors of ((-24)/(-6))/(2/11)?
2, 11
Suppose -79 + 27 = -2*b. List the prime factors of b.
2, 13
Suppose -17 = -2*c + 21. What are the prime facto